9. What is y(a)?
3
Suppose 4*c = -0*c + 12. Suppose -c*s - 3*k = 3, -3*k + 1 = 7. Let n be s/(6/(-10))*3. Let h(z) = -z**2 - 4*z - 5. Calculate h(n).
-10
Let u = -454 + 449. Let r(q) = -q - 1. Let j(w) = 2*w - 1. Let v(d) = d + 4. Let y be v(-5). Let c(a) = y*j(a) - 3*r(a). Calculate c(u).
-1
Let w(u) = -4*u - 1. Let x = 110 - 80. Suppose 13*l - x = 7*l. Determine w(l).
-21
Let j(s) be the second derivative of s**4/12 - 5*s**3/6 - 9*s**2/2 + 36*s. Give j(8).
15
Let w be (-11)/33*(-17 + 2). Suppose -10 = -w*q - 5. Let y(r) = 5*r**2. Give y(q).
5
Let p be 1/2 + (-6)/(-4). Let m(t) = 2*t**2 - 7*t - t**2 - 2*t**p. Let w be m(-6). Let a(q) = -q**2 + 6*q + 5. Determine a(w).
5
Let l(x) be the third derivative of 7*x**2 + 0*x - 1/12*x**4 - 5/6*x**3 + 0. Let m be (6 - -2) + -4 - 11. Give l(m).
9
Let f = -305 - -316. Let h(n) = 2*n**2 - 22*n + 4. Calculate h(f).
4
Let q(y) = 9*y + 13 + 6*y**2 + y**2 - 4*y**2 - 14*y - 4*y**2. Determine q(-6).
7
Let b(c) = c**2 - 3*c - 4. Let p be b(4). Let j(s) = s**2 + 1. Let n(z) = -z**3 - 5*z**2 - 6. Let o(v) = 6*j(v) + n(v). Determine o(p).
0
Let y = 73 + -71. Suppose -l + 3*l = -y*u + 2, 0 = -l + 4*u + 6. Let k(c) = -2*c**2 - c + 2. Give k(l).
-8
Let d(a) = 2*a**3 - a**2 - 2*a - 1. Let o = 5 + -2. Suppose -3*z + 4*z - 85 = -2*h, -210 = -5*h - 3*z. Let n be ((-1)/o)/(15/h). Determine d(n).
-2
Let g(f) = 1 + 33*f + 0 - 32*f. Let y(t) = -t. Let x be y(-4). Calculate g(x).
5
Let y(f) be the second derivative of -4*f + 1/3*f**4 + 1/40*f**5 + 0*f**2 + 0 + f**3. Let n(z) be the second derivative of y(z). What is n(-6)?
-10
Let x = -38 - -31. Let r(v) be the third derivative of -v**5/60 - 7*v**4/24 + v**3/3 + 3*v**2. Let i be r(x). Let a(f) = 4*f. Determine a(i).
8
Suppose -c - 177 = -171. Let k(j) = j - 5. Determine k(c).
-11
Let u(i) = i + 15. Let v = -142 - -130. Determine u(v).
3
Let a(o) be the third derivative of o**4/24 + o**3 - 12*o**2 + 164. Suppose -3*s = -8*s. What is a(s)?
6
Let c(h) = -h**2 - 1. Let l(a) be the third derivative of -a**4/24 + 2*a**3/3 - 18*a**2. Let j be l(2). Calculate c(j).
-5
Let h(b) = -4 - 4*b + 2*b**2 + b**2 + b**2 - 3*b**2. Suppose -l + 4*k + 1 - 9 = 0, -l = -2*k - 2. Suppose 0*n + l = 3*n. Calculate h(n).
-4
Let i(p) = p**3 + 4*p**2 + p + 2. Let a be 66/15 + -4 - 242/55. Give i(a).
-2
Let i(y) be the second derivative of y**3/6 + y**2/2 - 6*y + 2. Determine i(3).
4
Let z(v) be the second derivative of -v**5/20 + v**4/4 + v**3 - 3*v**2/2 + 67*v. What is z(4)?
5
Suppose 102 = 2*w + 4*w. Let l = 10 - w. Let b(t) = 2*t + 8. What is b(l)?
-6
Let x(c) = c**3 - 11*c**2 - 25*c - 17. Let u(d) = -d**2 - 5*d + 97. Let t be u(7). What is x(t)?
-4
Let n(p) = -p**3 - 13*p**2 + 14*p + 3. Suppose 210 = -52*l + 37*l. What is n(l)?
3
Let c(j) = -3*j + 2*j + 119 - 237 + 134. What is c(10)?
6
Let v(z) = z - 1. Suppose -93 = 3*o - 6*o. Let g = -22 + o. Let b = g + -11. Calculate v(b).
-3
Let v(w) = -8*w**2 - 7*w - 7*w**2 + 7 + 0 - w**2 + 17*w**2. What is v(7)?
7
Let c(j) = 8*j + 63. Let w be c(-8). Let p(v) = v**3. What is p(w)?
-1
Let w(r) = -23*r - 19*r - 63 + 51*r. Let t be w(7). Let h(l) be the second derivative of -l**5/20 + l**4/12 + l**3/6 - 9*l**2/2 + l. Calculate h(t).
-9
Let z(j) = -j + 0*j + 3*j. Let v(r) = 4*r + 13. Let u be v(-5). Let y be -5 - -6 - (u - -4). Determine z(y).
8
Let t(s) = 2*s**3 - s**2 - 5*s + 7. Let z be t(2). Let u be 10/45 + 61/z. Let a(k) = -k**3 + 7*k**2 - k - 8. Determine a(u).
-15
Suppose 10*f = 9*f. Suppose 24 = -6*k - f*k. Let d(t) = 2*t**2 + 5*t - 3. Calculate d(k).
9
Let x(l) be the third derivative of -l**5/60 + l**4/4 - l**3/3 - 28*l**2. Give x(6).
-2
Let v(a) = -2*a**2 - 10*a + 6. Let w(q) = 3*q**2 + 15*q - 9. Let g(c) = 8*v(c) + 5*w(c). Suppose 21 = -5*y - b, -4*y - 4*b - 12 = 8. What is g(y)?
7
Let g(f) be the third derivative of f**6/120 + f**5/4 + f**4/12 + 19*f**3/6 + 344*f**2. Calculate g(-15).
-11
Let c(v) be the second derivative of 5*v**3/2 - 38*v. Let q(b) be the second derivative of 2*b**3/3 - 2*b. Let l(g) = -4*c(g) + 18*q(g). Determine l(1).
12
Let y = -59 - -53. Let a(z) = -z - z**2 + 2*z**3 - z**2 + 3 - 3*z**3 - 4*z**2. Give a(y).
9
Let b be (1/4)/(10 - (-1674)/(-168)). Let v(k) = -k**3 + 7*k**2 + 3*k - 10. Calculate v(b).
11
Let c(y) = 3*y - 1. Let x be c(1). Let b be 0/((2 + -3)/(-1 + 2)). Suppose b = r + x*q - 10, r = -3*r + 5*q + 1. Let v(u) = u**2 - u - 3. Give v(r).
9
Let d(i) = -11*i**2 + 7*i + 29. Let l(w) = -2*w**2 - w - 1. Let u(p) = -d(p) + 6*l(p). Calculate u(-11).
-13
Let g = -146 + 147. Let u(a) = 6*a - 6. Let m(h) = -1. Let v(x) = g*u(x) - 6*m(x). What is v(1)?
6
Let a(m) be the second derivative of m**7/1260 - m**6/360 - m**5/120 - m**4/2 + 9*m. Let f(w) be the third derivative of a(w). What is f(2)?
3
Suppose -f - o - 3*o + 26 = 0, -2*o + 10 = 0. Let x(m) = 9 - m**2 + m + 0*m - 15 + f*m. Calculate x(4).
6
Let v = 628 - 622. Let g(l) be the third derivative of -l**5/60 + 3*l**4/8 - 5*l**3/6 + 2*l**2. Determine g(v).
13
Let v(h) be the first derivative of -1/2*h**2 - 3*h - 5 + 1/3*h**3. Give v(0).
-3
Let a(k) = -3*k**3 - 15*k**2 - 12*k + 2. Let r(d) = -2*d**3 - 10*d**2 - 8*d + 1. Let g(l) = -5*a(l) + 8*r(l). Determine g(-5).
18
Let j be (4 - 81/6)*-2. Let x = j - 20. Let v(l) = 15*l**3 + l + 1. Give v(x).
-15
Let x(r) = -r**2 - 1. Let v(t) = t**2 + 8*t - 22. Suppose 37 + 53 = -9*w. Let k be v(w). Give x(k).
-5
Let w(v) = -v**2 - 5*v - 3. Let x(a) = -2*a**2 - 9*a - 7. Let o(g) = -7*w(g) + 3*x(g). Let k(z) = -z**2 - 20*z - 25. Let s be k(-19). What is o(s)?
-12
Let n(y) = -y**2 + y + 2. Let o(q) = -q**3 + q**2 + 3*q - 3. Let m be o(-3). Suppose x - 5 = v, 5*v - 5*x = v - m. Let r be v + 1/(1 + -2). What is n(r)?
-4
Let i(x) = -x**3 - 5*x**2 + x + 9. Let a be i(-5). Suppose -a*z = z - 30. Let s(u) = -u**2 + 8*u - 5. Calculate s(z).
7
Let r(v) = v**2 - v. Let c(l) = 6*l**2 + 3*l + 4. Let p(n) = c(n) - 4*r(n). What is p(-5)?
19
Let b(z) = z**2 + 5*z - 4. Let n(s) = -2*s**3 + 9*s**2 + 7*s - 15. Let g be n(5). What is b(g)?
-4
Let u(o) = -2*o**2 - o - 1. Let r = -245 - -243. Give u(r).
-7
Suppose 4*o + t = -0*o + 1433, -347 = -o - 4*t. Let c(h) = o*h - 1 + 369*h - 729*h. Determine c(-3).
2
Let k(l) = -l**2 + 7*l - 3. Let c(t) = 2*t + 16. Let q be c(-9). Let m be (-78)/(-12) + 1/q. Give k(m).
3
Let k be 5/5*(-1 + 0). Let z(x) = 1. Let j(q) = q. Let f(l) = 6*j(l) + z(l). Give f(k).
-5
Let q(u) = -3*u**3 + u - 1. Let l(o) = 11*o**3 + 4*o**2 + 6*o - 2. Let g(k) = -l(k) - 4*q(k). Give g(6).
18
Let c(p) be the second derivative of -p**4/12 - 3*p**3/2 + p**2 + 90*p + 3. What is c(-10)?
-8
Let h(i) = -2*i - 8. Let a(r) = -3*r - 14. Let k(s) = 4*a(s) - 7*h(s). Calculate k(-1).
-2
Let g(a) be the third derivative of 1/15*a**5 - 1/6*a**3 - 11*a**2 + 0 + 0*a + 1/24*a**4 - 1/120*a**6. Give g(4).
3
Let w(d) = d**3 + d**2 - d. Let l = 1870 + -1869. What is w(l)?
1
Let d be (-1)/(-6*8/(-48)). Let u be 6*(-1 + -1)/(-6). Let b(c) = 8*c**2 - c + 1 - u*c + 5*c. Calculate b(d).
7
Let a(t) = -58*t + 10 + 59*t - 1. Give a(-7).
2
Let u(i) be the first derivative of -2*i**3/3 + i**2/2 + i - 1. Let g(j) = -j - 12. Let o be g(-12). Suppose o*t = -4*t + 8. Give u(t).
-5
Let o(s) be the second derivative of s**4/12 - s**3/6 - 2*s. Let p(z) = z**2 - 5*z - 2. Let r be p(6). Suppose 16 = 4*c + r. Calculate o(c).
6
Let k(t) be the first derivative of -5*t**7/168 + t**6/180 - t**5/60 + t**4/24 - 46*t**3/3 - 54. Let y(a) be the third derivative of k(a). Determine y(1).
-24
Suppose -5*u + 18 = -2*u. Let m(w) = -5*w**3 - 9*w**2 - 13*w + 11. Let d(s) = 6*s**3 + 10*s**2 + 14*s - 12. Let z(l) = u*d(l) + 7*m(l). Calculate z(4).
-7
Suppose 14*j = 21*j - 406. Let x = 55 - j. Let v(n) = 5*n + 2. Give v(x).
-13
Let x(m) be the first derivative of 5*m**2 + 61*m + 533. Determine x(-6).
1
Suppose 5*a + 9*g + 30 = 11*g, 2*a = g - 12. Suppose 0 = 6*c - c - 65. Let n(k) = -2*k - 3. Let b(r) = r + 2. Let w(y) = c*b(y) + 6*n(y). Calculate w(a).
2
Let d(q) = -12*q + 2. Suppose 0 = 3*c + 2*i + 3 + 10, 0 = 3*c - 4*i + 1. Determine d(c).
38
Let m(y) be the second derivative of -y**3/3 + y**2 + 236*y. Let q = -1 + -5. Give m(q).
14
Suppose 2*d + 3*d - 25 = 0, 5*o + 115 = 5*d. Let v(y) = -y**2 - 20*y - 31. Determine v(o).
5
Let y(z) = z**3 - 3*z**2 - z + 2. Let b be y(3). Let q = -30 + 42. Let r